t. Let a(y) = -y**3 - 4*y**2 + 3*y + 2. Calculate a(u).
12
Let n(t) = -7*t + 30. Let p(g) = 27*g - 111. Let y(k) = 22*n(k) + 6*p(k). Determine y(-5).
-46
Let x(d) = -d - 1. Let q(r) be the third derivative of r**5/60 + r**4/6 + r**3/6 + 5*r**2. Let s(u) = q(u) + 3*x(u). Determine s(0).
-2
Let d = 10 - 4. Let c(z) be the first derivative of -z**2/2 - 5*z + 1578. Calculate c(d).
-11
Let n be 26/91 + (-80)/(-14). Suppose n*c - 115 = 125. Let y(w) = 4*w + 3*w + 0*w + 32 - c - w**2. What is y(6)?
-2
Let c(f) be the first derivative of -f**3/3 + 4. Let k be 4/74 - (-2160)/1110. Give c(k).
-4
Let u(s) be the third derivative of -s**5/60 - s**4/24 + s**3/6 - 4*s**2. Let v = 142 - 145. Give u(v).
-5
Let g be -26*(9/6)/(-3). Suppose -5*l + k + g = 0, -1 - 7 = -4*k. Suppose 8 = -5*d + l*d. Let p(c) = c**3 + 5*c**2 + c + 4. Determine p(d).
16
Let b = 35 + -33. Let q(l) = l - 7*l - l**b - 4 + 0*l. Give q(-5).
1
Let w(q) = 10*q**2 - 4*q**2 - 7*q**2 + 15*q - 6*q - 12. Give w(8).
-4
Let g = -89 - -88. Let b(f) = -5*f**3 - f**2 + 1. What is b(g)?
5
Let d be 0*1/(1/1 + -5). Let q(v) = -v**2 - v + 14. Determine q(d).
14
Let p(v) = -3 + 13 - v - 2 + 2 - 4. What is p(-4)?
10
Suppose 0 = -2*o + 13 - 9. Suppose 3*f - o = 1. Let q(j) = 10*j**2 + j. Determine q(f).
11
Let p(x) = -2*x + 4 - 3*x**3 + 15*x**3 + 2*x**2 - 4 - 10*x**3. Calculate p(-2).
-4
Let u(r) be the third derivative of r**6/120 + 7*r**5/60 - r**4/3 - 5*r**3/3 + 2*r**2 - 80*r. Determine u(-8).
-10
Let c(a) = -a**2 + a + 6. Let v be 6 - 9 - 1*-5. Suppose 2*o + 4*r = -3*o + 1, -v*o + 5*r = -7. Let w be 0/(o/(-2)*-4). What is c(w)?
6
Let i(w) = 7*w**2 + 21*w + 3. Let d(f) = -3*f**2 - 10*f - 1. Let k(p) = -9*d(p) - 4*i(p). Let z = 3 + -6. Let n = 0 - z. Give k(n).
6
Let b(d) be the second derivative of -d**4/12 - d**3/6 + d**2 + 34*d + 3. What is b(2)?
-4
Let n be 230/70 - 2/7. Suppose 0 = n*y - 12 + 15. Let x(p) = -4*p**3 + 2*p**2 + p. What is x(y)?
5
Let z(h) = h**2 - h - 3. Suppose 2*u + 2 - 5 = 3*c, -4*u + 15 = 3*c. Let s be (-6)/u + -3 + 5. Determine z(s).
-3
Let a(p) = -p**2 + 2*p + 43. Suppose 4*l = -j - 8, 3*j = 5*j + 5*l + 4. Calculate a(j).
-5
Let o be 18/(-4)*(-200)/(-75). Let j(f) = f**3 + 11*f**2 - 12*f - 16. What is j(o)?
-16
Let c = 143 - 86. Suppose -u - c = 2*u. Let x(k) = k**2 + 20*k + 21. Let p be x(u). Let b(h) = h - 1. Calculate b(p).
1
Let s(r) = 6*r - 6. Let l(p) = -8*p + 4. Let k(f) = -2*l(f) - 3*s(f). Give k(6).
-2
Let r(z) = 3*z - 6. Let t be r(4). Let p(w) = 5*w**2 - 2 + 7*w + 1734*w**3 - 1735*w**3 + 2. What is p(t)?
6
Let t be 24/(-16) - 22/(-4). Suppose t = 5*y - y. Let p(v) = -2*v + y - 5*v - 2*v**2 + v**2 + 3*v. Determine p(-2).
5
Let r(k) be the second derivative of k**3/6 - k**2/2 - 240*k. Give r(10).
9
Let r(z) = z + 8. Let x be 3*(3 - (8 - 3)). Let b be r(x). Let u(c) = -3*c + c**b + 0*c - 2*c + 1 + 4*c. Give u(3).
7
Let h(j) be the first derivative of -j**4/4 + 2*j**3 - 7*j**2/2 + 4*j + 101. Give h(4).
8
Let m(l) = l + 6. Let z be m(-9). Let h be -8*3*2/(-24). Let g(j) = -6*j + 2*j - 1 + 2*j - j**2 - h*j. Calculate g(z).
2
Let j(n) = -6*n + 5. Let g(a) = -a + 1. Let i(q) = -4*g(q) + j(q). Calculate i(10).
-19
Let k(v) be the first derivative of -v**3 + 5*v - 14. Give k(2).
-7
Suppose -17*j = 5*q - 19*j - 37, -j = 1. Let n(m) = 13 + m + 0 - 2*m - 1. Determine n(q).
5
Let d(x) = -4 - 15*x + 25*x + 9*x**2 + x**2 - 5*x**2 - 6*x**2 + 2*x**2. Let y be -1*10 - 0/(-2). Determine d(y).
-4
Let p(s) = s**2 - s - 37. Let x(i) = -i**3 + 3*i**2 + 2. Let d be x(2). Determine p(d).
-7
Let j(y) = -y**2 - y + 2. Let k(s) = 6*s**2 + s + 4. Let v be k(-2). Let c = 26 - v. Calculate j(c).
2
Let m(n) = -5*n**2 - 5*n - 12. Suppose 34*u - 39*u + 25 = 0. Let c(l) = 9 + 3*l + 2 + 3*l**2 - 3. Let f(v) = u*m(v) + 8*c(v). Calculate f(-3).
-2
Let r(f) = 3*f - 595*f**3 + 298*f**3 + 3 + 296*f**3 - f**2. Suppose 0 = -4*m + 2*h - 4, 5*m + 9 = 2*h + 3. Calculate r(m).
1
Let d(q) = 5*q**2 + q - 1. Let r(j) = 8*j**2 + 3*j - 1. Let t(g) = -10*d(g) + 6*r(g). What is t(4)?
4
Suppose -4*s + 4 = 0, 54 - 84 = 2*z - 2*s. Let k(n) = -n**2 - 13*n + 10. Give k(z).
-4
Let p(u) = -u + 5. Let o(x) = -x**2 + 5*x + 5. Suppose 3*q - 4*j - 31 = 0, -2*q + 4*j + 22 = j. Let d be o(q). Suppose 0*v = -d*v + 25. Calculate p(v).
0
Let o(i) = -i**2 - 8*i + 12. Let b be o(-9). Let s(k) = 6*k - 7 - 2*k**3 - 2*k**2 + 6*k**2 + k**b. Let m = -242 + 247. Give s(m).
-2
Let z(j) = -3*j + j**2 - 10 + 3 - 3*j. Let x be 8/6*6/4. Suppose x*u = -1 + 11. What is z(u)?
-12
Let l(d) = 12*d + 93. Let s(v) = -v - 7. Let b(o) = 2*l(o) + 27*s(o). Determine b(2).
-9
Suppose 4*z - m - 6 = 5, -m - 14 = -5*z. Let y be (-34)/(-8) + 4/(-16). Let k be (10/y)/(z/6). Let g(v) = v**2 - 7*v + 1. Determine g(k).
-9
Let y(d) = -d**2 - 6. Let z(k) = k**2 - 7*k - 12. Let u be z(8). Let r(w) = -2*w - 8. Let a be r(u). Determine y(a).
-6
Let z(x) be the second derivative of -x**5/20 + 5*x**4/6 - x**3/6 + 5*x**2/2 - 496*x. Give z(10).
-5
Let f(z) = z**2 - 4*z - 2. Suppose -22*y = -24*y. Suppose 0 = -y*t + 3*t. Suppose 2*o - 3*o - 2 = t, 3*o - 2 = -2*a. Give f(a).
-2
Let n(h) be the first derivative of 2*h**2 + 2 - 7*h - 1/4*h**4 - 4/3*h**3. What is n(-5)?
-2
Let v = 28 - 26. Suppose 0 = 2*x - v, 3*r = 8*r + 2*x + 3. Let i(g) be the third derivative of g**4/24 + g**2. Calculate i(r).
-1
Let l(w) = 4*w**3 - 7*w**2 + 26*w + 1. Let a(r) = 11*r**3 - 21*r**2 + 71*r + 4. Let x(h) = -3*a(h) + 8*l(h). What is x(4)?
24
Let p(n) = 13*n**3 + 5*n - 1. Let j(b) = 24*b**3 + 9*b - 1. Let d(g) = 3*j(g) - 5*p(g). Give d(-1).
-7
Let y(t) = 2*t. Let g(s) = 9*s. Let w(r) = g(r) - 5*y(r). What is w(4)?
-4
Let d(x) = -x**3 + 5*x**2 + 3*x + 1. Let k be d(5). Suppose -20 = -4*z + 4*q, 5*z - 3*q = -q + k. Let v(p) = 3 - 4 - z + p + 2. What is v(2)?
1
Let i be (-1)/(-7) + (-320)/35. Let y be (-2)/(1 - 7)*i/3. Let h(k) = 3*k. Give h(y).
-3
Let w(y) = -y**2 + y - 1. Let d(l) = -l**2 + 4 - 4*l - 4. Let z be d(-3). Calculate w(z).
-7
Let d be 0 - (-186)/26 - (-18)/(-117). Suppose 4*v = 3*v + d. Let g(t) = t**2 + 2*t**2 + 5*t**2 - 8*t - t**3. What is g(v)?
-7
Let o(l) be the first derivative of 2*l**3/3 - l**2/2 + 18. Suppose 2*m = 4*m - 4. Give o(m).
6
Let a(i) = 2*i + 1. Let r(m) = -13*m - 4. Let c(y) = 5*a(y) + r(y). Let d be (-36)/(-10) - (-4)/10. Calculate c(d).
-11
Suppose -17*m + 9 = -14*m. Let n(c) be the third derivative of -c**6/120 + c**5/15 - 4*c**2. Calculate n(m).
9
Let n(p) be the first derivative of -p**2 - 5*p + 123. Give n(8).
-21
Let p(n) = -n**3 + 7*n**2 - 7*n + 13. Suppose 9*c + 197 = 251. Calculate p(c).
7
Suppose 0 = 2*q - 19 + 3. Let l be (-12)/(-18) - q/(-6). Let i(p) = 29*p**2 - 10*p**2 - 18*p**2 - l - 2. What is i(0)?
-4
Suppose o + 5*c = 5, 0 = -o + 5*o + 3*c + 14. Let t(s) = -6*s**2 + 11*s**3 + 318 - 6*s**3 - 317 - 5*s - 6*s**3. What is t(o)?
1
Let a(c) = -2*c + 3. Let f be (5/(10/6))/(3/3). Suppose 6*t = 5*t + f. What is a(t)?
-3
Let q(d) = d - 1. Let g(o) = 8*o - 1. Let j(r) = g(r) - 6*q(r). What is j(5)?
15
Let k(s) be the second derivative of s**5/20 - 3*s**4/4 + 4*s**3/3 + s**2 - 2*s - 185. Give k(8).
2
Let n(m) = 4*m**2 - 25*m - 167. Let s be n(10). Let l(d) = -d**3 - 16*d**2 + 19*d + 37. Calculate l(s).
3
Let z(p) = 11*p**2 + 30*p + 45. Let u(s) = 7*s**2 + 20*s + 29. Let a(i) = 8*u(i) - 5*z(i). Give a(-7).
-14
Let u(w) be the third derivative of w**6/120 - w**5/15 + w**3/2 + 4*w**2 - 32*w. Let s be (-1)/(1 - 8/6). Give u(s).
-6
Let d(g) = 5*g - g**2 + 0*g - 6 + 7*g - 8*g. Determine d(5).
-11
Suppose x + 8*l - 3*l + 15 = 0, 3*l + 9 = -x. Let m(p) be the second derivative of p**4/12 - p**3/6 + 5*p**2 - 4*p. Determine m(x).
10
Let u(k) be the third derivative of k**5/60 - k**4/4 + 4*k**3/3 + 3*k**2 + k. Give u(4).
0
Let k(c) = c + 4. Let q(o) = -3*o - 9. Let v(s) = -5*k(s) - 2*q(s). Let m be v(4). Let n(h) = 20*h + 3 - 3*h**m - 14*h + 4*h**2. Determine n(-4).
-5
Suppose -5*o = -2*t + 54, 3*o = -o + 16. Let s = t + -41. Let q(u) = -u**3 - 4*u**2 + 4*u - 3. Determine q(s).
-19
Let t(n) be the first derivative of n**4/4 + 5*n**3/3 + 3*n**2/2 + 9*n - 216. Determine t(-4).
13
Let k(z) = z**3 - 6*z**2 + 6*z - 5. Suppose 40*v + 5*i - 8 = 38*v, 0 = 3*v - 3*i - 12. Calculate k(v).
-13
Let g(t) = -t**3 - 14*t**2 - 14*t - 5. Let f be g(-13). Suppose 5*n - 36 = 4*s, 4*n + 24